rime factors of 1189.
29, 41
What are the prime factors of 1596?
2, 3, 7, 19
List the prime factors of 1680.
2, 3, 5, 7
What are the prime factors of 552?
2, 3, 23
What are the prime factors of 42552?
2, 3, 197
What are the prime factors of 4968?
2, 3, 23
What are the prime factors of 12402?
2, 3, 13, 53
What are the prime factors of 10150?
2, 5, 7, 29
What are the prime factors of 216?
2, 3
What are the prime factors of 146373?
3, 97, 503
List the prime factors of 557.
557
What are the prime factors of 4280?
2, 5, 107
What are the prime factors of 1524?
2, 3, 127
What are the prime factors of 69928?
2, 8741
List the prime factors of 484.
2, 11
List the prime factors of 110911.
197, 563
List the prime factors of 7852.
2, 13, 151
What are the prime factors of 61479?
3, 11, 23
What are the prime factors of 1299?
3, 433
List the prime factors of 52646.
2, 11, 2393
List the prime factors of 187134.
2, 3, 31189
What are the prime factors of 1574?
2, 787
List the prime factors of 1502.
2, 751
List the prime factors of 27520.
2, 5, 43
List the prime factors of 1394.
2, 17, 41
List the prime factors of 2586.
2, 3, 431
List the prime factors of 9315.
3, 5, 23
What are the prime factors of 173119?
233, 743
What are the prime factors of 7301?
7, 149
List the prime factors of 1065.
3, 5, 71
List the prime factors of 334.
2, 167
What are the prime factors of 538?
2, 269
List the prime factors of 8789.
11, 17, 47
What are the prime factors of 18946?
2, 9473
What are the prime factors of 8272?
2, 11, 47
List the prime factors of 2645.
5, 23
What are the prime factors of 16149?
3, 7, 769
What are the prime factors of 9163?
7, 11, 17
List the prime factors of 8935.
5, 1787
What are the prime factors of 23958?
2, 3, 11
List the prime factors of 1990.
2, 5, 199
What are the prime factors of 39?
3, 13
What are the prime factors of 40794?
2, 3, 13, 523
What are the prime factors of 4446?
2, 3, 13, 19
What are the prime factors of 4652?
2, 1163
List the prime factors of 10879.
11, 23, 43
List the prime factors of 48613.
173, 281
List the prime factors of 6229.
6229
List the prime factors of 368.
2, 23
What are the prime factors of 27689?
27689
What are the prime factors of 3820?
2, 5, 191
List the prime factors of 566.
2, 283
What are the prime factors of 20905?
5, 37, 113
List the prime factors of 694.
2, 347
What are the prime factors of 184?
2, 23
What are the prime factors of 512?
2
What are the prime factors of 33345?
3, 5, 13, 19
List the prime factors of 25529.
7, 521
List the prime factors of 943.
23, 41
What are the prime factors of 2257?
37, 61
What are the prime factors of 131?
131
List the prime factors of 623.
7, 89
List the prime factors of 30800.
2, 5, 7, 11
What are the prime factors of 22064?
2, 7, 197
What are the prime factors of 2471?
7, 353
What are the prime factors of 2677?
2677
What are the prime factors of 4479?
3, 1493
What are the prime factors of 3449?
3449
List the prime factors of 859.
859
List the prime factors of 2487.
3, 829
List the prime factors of 6429.
3, 2143
What are the prime factors of 10298?
2, 19, 271
What are the prime factors of 223?
223
What are the prime factors of 9658?
2, 11, 439
What are the prime factors of 11625?
3, 5, 31
List the prime factors of 10988.
2, 41, 67
What are the prime factors of 1241?
17, 73
List the prime factors of 192015.
3, 5, 17, 251
What are the prime factors of 10083?
3, 3361
List the prime factors of 36958.
2, 17, 1087
List the prime factors of 158.
2, 79
List the prime factors of 25671.
3, 43, 199
List the prime factors of 8252.
2, 2063
What are the prime factors of 2643?
3, 881
List the prime factors of 13599.
3, 1511
What are the prime factors of 56675?
5, 2267
List the prime factors of 63006.
2, 3, 10501
List the prime factors of 17434.
2, 23, 379
List the prime factors of 311.
311
List the prime factors of 47.
47
List the prime factors of 9665.
5, 1933
What are the prime factors of 6099?
3, 19, 107
What are the prime factors of 5600?
2, 5, 7
What are the prime factors of 2968?
2, 7, 53
List the prime factors of 138.
2, 3, 23
List the prime factors of 7373.
73, 101
What are the prime factors of 8492?
2, 11, 193
What are the prime factors of 57144?
2, 3, 2381
List the prime factors of 1583.
1583
List the prime factors of 23200.
2, 5, 29
What are the prime factors of 30411?
3, 31, 109
List the prime factors of 2100.
2, 3, 5, 7
List the prime factors of 68428.
2, 17107
What are the prime factors of 31409?
7, 641
List the prime factors of 43297.
29, 1493
List the prime factors of 30495.
3, 5, 19, 107
List the prime factors of 1406.
2, 19, 37
List the prime factors of 6171.
3, 11, 17
What are the prime factors of 19730?
2, 5, 1973
List the prime factors of 4997.
19, 263
What are the prime factors of 3190?
2, 5, 11, 29
List the prime factors of 1532.
2, 383
List the prime factors of 2552.
2, 11, 29
List the prime factors of 8806.
2, 7, 17, 37
What are the prime factors of 3820?
2, 5, 191
What are the prime factors of 6446?
2, 11, 293
What are the prime factors of 45970?
2, 5, 4597
List the prime factors of 81.
3
What are the prime factors of 19432?
2, 7, 347
What are the prime factors of 4893?
3, 7, 233
What are the prime factors of 3248?
2, 7, 29
List the prime factors of 41583.
3, 83, 167
What are the prime factors of 2813?
29, 97
List the prime factors of 978.
2, 3, 163
What are the prime factors of 30671?
30671
List the prime factors of 28589.
11, 23, 113
List the prime factors of 305.
5, 61
List the prime factors of 1724.
2, 431
What are the prime factors of 364?
2, 7, 13
List the prime factors of 76841.
43, 1787
What are the prime factors of 134368?
2, 13, 17, 19
What are the prime factors of 15517?
59, 263
List the prime factors of 3909.
3, 1303
What are the prime factors of 68419?
13, 19, 277
List the prime factors of 37449.
3, 19, 73
List the prime factors of 9167.
89, 103
List the prime factors of 2951.
13, 227
List the prime factors of 857.
857
List the prime factors of 353.
353
What are the prime factors of 43830?
2, 3, 5, 487
What are the prime factors of 9336?
2, 3, 389
What are the prime factors of 19491?
3, 73, 89
List the prime factors of 1551.
3, 11, 47
List the prime factors of 68798.
2, 41, 839
What are the prime factors of 674?
2, 337
What are the prime factors of 57363?
3, 19121
List the prime factors of 80212.
2, 11, 1823
List the prime factors of 3129.
3, 7, 149
List the prime factors of 6656.
2, 13
What are the prime factors of 16425?
3, 5, 73
What are the prime factors of 756?
2, 3, 7
List the prime factors of 4946.
2, 2473
What are the prime factors of 199?
199
List the prime factors of 39085.
5, 7817
List the prime factors of 9324.
2, 3, 7, 37
List the prime factors of 55173.
3, 53, 347
List the prime factors of 15175.
5, 607
List the prime factors of 7605.
3, 5, 13
What are the prime factors of 3534?
2, 3, 19, 31
List the prime factors of 765.
3, 5, 17
List the prime factors of 112936.
2, 19, 743
What are the prime factors of 4298?
2, 7, 307
List the prime factors of 1381.
1381
List the prime factors of 23575.
5, 23, 41
List the prime factors of 181464.
2, 3, 7561
List the prime factors of 32764.
2, 8191
List the prime factors of 435.
3, 5, 29
What are the prime factors of 1340?
2, 5, 67
What are the prime factors of 1193?
1193
What are the prime factors of 39497?
127, 311
What are the prime factors of 1969?
11, 179
List the prime factors of 20389.
20389
List the prime factors of 639.
3, 71
What are the prime factors of 1954?
2, 977
What are the prime factors of 50595?
3, 5, 3373
List the prime factors of 187050.
2, 3, 5, 29, 43
What are the prime factors of 989?
23, 43
What are the prime factors of 6643?
7, 13, 73
What are the prime factors of 47503?
67, 709
List the prime factors of 3765.
3, 5, 251
List the prime factors of 3036.
2, 3, 11, 23
What are the prime factors of 1233?
3, 137
What are the prime factors of 13456?
2, 29
What are the prime factors of 5213?
13, 401
List the prime factors of 9792.
2, 3, 17
List the prime factors of 2249.
13, 173
List the prime factors of 847.
7, 11
List the prime factors of 118894.
2, 59447
List the prime factors of 2070.
2, 3, 5, 23
What are the prime factors of 4111?
4111
What are the prime factors of 12488?
2, 7, 223
